, what is 1 - -13302230?
13302231
In base 4, what is -1000 - 2302231?
-2303231
In base 16, what is 0 - -1af11?
1af11
In base 16, what is -269 + -80?
-2e9
In base 7, what is -1543100 + -20?
-1543120
In base 5, what is 31 + 433112?
433143
In base 13, what is 22 - 235c?
-233a
In base 15, what is 106a + 100?
116a
In base 7, what is 635 - 1025?
-60
In base 9, what is 174551 - 13?
174537
In base 6, what is -23 + -113055?
-113122
In base 4, what is -11 + -3233101?
-3233112
In base 15, what is 282 + 5?
287
In base 3, what is 1 - -2112001121?
2112001122
In base 10, what is -3236 - 205?
-3441
In base 9, what is -121237 - 40?
-121277
In base 15, what is -40b9 - -ab?
-400d
In base 6, what is 2012212 + 5?
2012221
In base 13, what is -571 - 59?
-5ca
In base 13, what is -354 + -552?
-8a6
In base 6, what is -4 + -44431?
-44435
In base 7, what is -10215 + 4?
-10211
In base 6, what is 112 - -3244?
3400
In base 5, what is -133121 - 10?
-133131
In base 12, what is 2 - -4b72?
4b74
In base 9, what is -2743 - 2?
-2745
In base 13, what is 4 - 125cc?
-125c8
In base 10, what is -5 - 90351?
-90356
In base 6, what is 503555 - 3?
503552
In base 14, what is -7c + cc5?
c47
In base 15, what is -3 - 55a81?
-55a84
In base 7, what is 11112 + -451?
10331
In base 3, what is -102 - -102011102?
102011000
In base 16, what is 174b7 + 2?
174b9
In base 10, what is -8120 - 55?
-8175
In base 9, what is 5530 + -2?
5527
In base 9, what is 1368 + 180?
1558
In base 3, what is 1201 - 12200202?
-12122001
In base 10, what is -52 + -2053?
-2105
In base 8, what is 245 - 12?
233
In base 14, what is 2 - 4292?
-4290
In base 14, what is 10c253 - 2?
10c251
In base 6, what is -25040 + -4?
-25044
In base 6, what is 132424 + 3?
132431
In base 8, what is -5 - -241605?
241600
In base 3, what is 0 + -121122210111?
-121122210111
In base 9, what is 4 + -253502?
-253487
In base 15, what is 351 - 43?
30d
In base 6, what is 4 - -434240?
434244
In base 2, what is -1 + 111101001000010111?
111101001000010110
In base 4, what is -20 + 130001232?
130001212
In base 15, what is 3 - -295c?
2960
In base 12, what is -18724 + 0?
-18724
In base 13, what is -4 - 45178?
-4517c
In base 5, what is 20033 - -321?
20404
In base 6, what is 13 - -433523?
433540
In base 12, what is 1b990 - -1?
1b991
In base 12, what is 10132 - -3?
10135
In base 14, what is 4 - -14cc56?
14cc5a
In base 10, what is -18634 - 91?
-18725
In base 9, what is 672 + -12?
660
In base 3, what is 20 - 10112002202?
-10112002112
In base 13, what is -745 + 23?
-722
In base 7, what is 35536 + -2?
35534
In base 6, what is 2045 - 105?
1540
In base 12, what is -7b99 + 4?
-7b95
In base 6, what is 1334 + -40?
1254
In base 16, what is 7 + -85b?
-854
In base 10, what is 41 - -24706?
24747
In base 6, what is 1033145505 + 4?
1033145513
In base 8, what is 0 + 1613?
1613
In base 3, what is -10 - -102010221?
102010211
In base 12, what is -4 - 281b17?
-281b1b
In base 14, what is 73b3 - -6?
73b9
In base 2, what is 101 + 10010100000?
10010100101
In base 8, what is -46373 - -1?
-46372
In base 2, what is 100 + -1011010101101110?
-1011010101101010
In base 11, what is 73 - 838?
-775
In base 2, what is 11110010100100 + -11111010?
11101110101010
In base 8, what is 34601 - 10?
34571
In base 10, what is -367096 + 3?
-367093
In base 6, what is -1312 - -3142?
1430
In base 10, what is -1 - 64729?
-64730
In base 6, what is 12002 + -51?
11511
In base 8, what is -124144 + 10?
-124134
In base 16, what is 54 - 6a?
-16
In base 5, what is 2301 - -112141?
114442
In base 9, what is 503660 + 3?
503663
In base 11, what is 146 - 90?
66
In base 16, what is 4 + -1c6b0?
-1c6ac
In base 10, what is -32 - -6252?
6220
In base 14, what is 107d4 + 8?
107dc
In base 15, what is 75 + -3a?
3a
In base 13, what is -aa - -12?
-98
In base 7, what is 642 - -1503?
2445
In base 7, what is 1246133 + 0?
1246133
In base 9, what is -4 + 107563?
107558
In base 13, what is 4 - 13426?
-13422
In base 9, what is 3132 + -10?
3122
In base 4, what is -3 + 1010121022?
1010121013
In base 9, what is -13308 - -3?
-13305
In base 5, what is -3224344 - -204?
-3224140
In base 15, what is -378 - -152?
-226
In base 9, what is 51511 + 84?
51605
In base 11, what is -198059a - 1?
-19805a0
In base 7, what is -5211 - -45?
-5133
In base 7, what is 4015 + 611?
4626
In base 7, what is 61 - 15122?
-15031
In base 8, what is 4 + -3765?
-3761
In base 13, what is 25c44 + -4?
25c40
In base 11, what is 1a6a5 + -106?
1a59a
In base 4, what is 101120 - 3120?
32000
In base 5, what is 2 + 231014?
231021
In base 14, what is -43a + 14ca?
1090
In base 6, what is -3 + 1102500?
1102453
In base 4, what is 23223 - -1021?
30310
In base 6, what is -45220 - -21?
-45155
In base 2, what is 11 - 1101110111110?
-1101110111011
In base 6, what is 5244 - 534?
4310
In base 6, what is -5 + 3404050?
3404041
In base 11, what is 97226 + 38?
97263
In base 12, what is 1228 - 25?
1203
In base 7, what is 5 - 45511?
-45503
In base 3, what is 101221210 + 2?
101221212
In base 15, what is -c - -135a1?
13594
In base 8, what is -567 - -523?
-44
In base 4, what is 2032300312 + 10?
2032300322
In base 4, what is -30 + 23031002?
23030312
In base 13, what is b + -9372?
-9364
In base 2, what is -10 - -101001001101?
101001001011
In base 8, what is -200633 - 4?
-200637
In base 6, what is -102 + -225451?
-225553
In base 8, what is -4 + 515575?
515571
In base 8, what is -251330 + 12?
-251316
In base 7, what is -14 - 2012426?
-2012443
In base 15, what is 2 - e20?
-e1d
In base 12, what is 832ba - 12?
832a8
In base 11, what is -5 + 14212?
14208
In base 4, what is -13021302223 + -10?
-13021302233
In base 7, what is -2 - 314603?
-314605
In base 12, what is -bb93 - -4?
-bb8b
In base 3, what is -11 + -12000001?
-12000012
In base 5, what is 10233 + 0?
10233
In base 11, what is -91148 - -3?
-91145
In base 4, what is -10 - 2221022?
-2221032
In base 7, what is 1 + 1231203?
1231204
In base 10, what is 7508 - 37?
7471
In base 6, what is 23 + -4443331?
-4443304
In base 2, what is -1001010011 - 1011000?
-1010101011
In base 7, what is -41066 - -322?
-40444
In base 2, what is -1011010011100 - 110100?
-1011011010000
In base 15, what is 157a + -6?
1574
In base 14, what is 325c - -24?
3282
In base 12, what is 4 - -3959?
3961
In base 14, what is 1c - 7cc?
-7b0
In base 11, what is 69a56 + 0?
69a56
In base 5, what is -14 - 3121012?
-3121031
In base 7, what is 5 + -2540535?
-2540530
In base 12, what is -189612 - 4?
-189616
In base 2, what is -1110101011010011 + -1000?
-1110101011011011
In base 14, what is -5 - -36ba?
36b5
In base 7, what is 146124 - 30?
146064
In base 5, what is 1022223 + -34?
1022134
In base 13, what is 837085 - -3?
837088
In base 8, what is -3533 + -1315?
-5050
In base 13, what is a04 - -38?
a3c
In base 5, what is 1243434 - -22?
1244011
In base 12, what is -7b9487 - -2?
-7b9485
In base 4, what is 201310122 + -1?
201310121
In base 14, what is 63 + -485?
-422
In base 13, what is 2 + 12134?
12136
In base 5, what is -13214 - 0?
-13214
In base 4, what is -3 - 2100302130?
-2100302133
In base 12, what is -10458 - -3?
-10455
In base 9, what is -28 - 28558?
-28587
In base 2, what is 100010111 + 11111111110?
100100010101
In base 14, what is -2 + -2d594?
-2d596
In base 10, what is -5 - 3623?
-3628
In base 15, what is 4a50 - 7?
4a48
In base 16, what is -c8 + 14?
-b4
In base 12, what is 5 + a17b?
a184
In base 8, what is -20062644 + -3?
-20062647
In base 4, what is -10102302002 - 11?
-10102302013
In base 15, what is -2917 + 4?
-2913
In base 10, what is 21370 + -1?
21369
In base 3, what is -100100 + 220012?
112212
In base 4, what is 0 + 3310302?
3310302
In base 6, what is -4 - -115125?
115121
In base 3, what is -2211 - 12022200012?
-12022210000
In base 14, what is -526b0 - 4?
-526b4
In base 7, what is -2063164 + -2?
-2063166
In base 14, what is 7d + -1042?
-da3
In base 10, what is -239728 - -8?
-239720
In base 11, what is -30231 - -3?
-30229
In base 14, what is ca4 - 18?
c8a
In base 3, what is -12 + -10002022210?
-10002022222
In base 4, what is -1102033100 - -11?
-1102033023
In base 9, what is 146125 + -7?
146117
In base 8, what is -1000 - -47?
-731
In base 5, what is 4 - 4020443?
-4020434
In base 3, what is -11001111012 - -2211?
-11001101101
In base 4, what is 3 + 13320312?
13320321
In base 7, what is -4100 - -105?
-3662